
Calculate (67 - 8) + 78 + -94.
43
Evaluate 13 + -7 + (8 - (-15 + -10 - -16)).
23
Evaluate 7 + (-77 - -50 - (-6 + -15)) - 141.
-140
Evaluate (-23 - -42) + 3 + 4 - 30.
-4
What is the value of -5 - (-23 - (26 - 24) - 64)?
84
What is the value of -12 + -4 + 4 + 37 - 14 - -6?
17
Evaluate 47 + -35 + -1 + -9 + (22 - -4).
28
Evaluate -26 + 11 + -7 - (-45 - -69).
-46
-38 - -54 - -17 - 15
18
(101 - 63) + -54 + -25
-41
What is the value of (-17 - -7) + 2 + -14 + (-7 - -5 - -9)?
-15
Evaluate 1 + -87 + 15348 + -15216.
46
0 - (-4 + -11 + 4) - (72 + -21)
-40
What is (-13 - (-3 + (-3 + 3 - -10))) + 8 - 15?
-27
What is (-11 - -32) + 38 + (5 - 2 - 10 - -1)?
53
Evaluate (-6 - 74) + 105 - (-42 + -1).
68
Evaluate 22 - ((-52 - -69) + -2 + 0).
7
Evaluate -1 - 47 - (-74 + 29).
-3
Evaluate -23 + 4 - (21 + (-1 - 10) + -3).
-26
What is -17 - -18 - (18 + (60 - 28))?
-49
Calculate 21 + -1 + 367 + -405 + 32.
14
Evaluate (-1 - 4) + 1 + -48 + (-228 - (55 - 291)).
-44
0 + -78 + -438 + 444
-72
Calculate -7998 + 7977 - (-22 + 1 - 1).
1
Evaluate 24 + (-3 + -16 - (-2 + -9 + -1)) - -11.
28
Calculate -2 - 51 - (747 + -776).
-24
What is (-68 + 19 - 47 - (0 - 3)) + (-5 - -12)?
-86
What is the value of 3 + 48 + -3 + (46 - 41)?
53
Calculate -8 + -2 + 13 + 46 + -68.
-19
Evaluate (-17 - (-17 + 20)) + (23 - -110) + -12.
101
What is the value of -35 + (-2 + 3 + -6 - (526 - 537))?
-29
456 + -422 + (-5 - -1) - -22
52
What is (-14 - (4 - 113)) + (43 - 62)?
76
Calculate (11 - (-2 - (-15 + 5))) + -12 + -13 + 69.
47
Evaluate (-10 - (2 + -1)) + -148 + 150 - (15 + -23).
-1
What is the value of (17639 - 17634) + 2 + -134?
-127
Calculate -5 - (17 + -17 - -25) - (36 + -30).
-36
Evaluate 57 - (-10 + 3 + -13) - (9 - 2).
70
What is the value of -27 - (62 - 110) - 22?
-1
Evaluate (-7 - -8) + 1 + 1 - (-2 - 4).
9
Calculate (-4 - (22 - 31)) + 16.
21
Calculate (-84 - (5 - -34)) + 170.
47
Evaluate -214 - (251 - 491) - (-1 + 24).
3
What is the value of -22 - 0 - (-58 + 56 + -82)?
62
Evaluate (6 - (2 + -3) - (-15 + -87 - -42)) + -4.
63
What is the value of 5 - (29 + -41 - ((15 - 5) + -140))?
-113
What is (84 - -44) + -76 - (-4 - -18 - 3)?
41
Evaluate 2 + -5 + 3 + (430 - 435).
-5
Evaluate -5 + (-12 + 37 + -13 + (73 - -4) - -11).
95
Calculate -21 - (141 + -156 + 15 + 0 + 3).
-24
What is the value of (2 - 29) + 57 - 72?
-42
(-22 - (-29 - -5)) + (3 - -14) - -4
23
Evaluate -10 + (33 - 3 - (-42 - -48)) - -9.
23
What is the value of -1 + 2 + -15 - (19 + -101 + 45 + -127)?
150
What is (5 - 6 - -9) + 2 + 67 + 53 + -66?
64
(-3 - (-57 + 21 - -38)) + (107 - 0)
102
What is (4 - (18 + (13 - 35))) + -9 - (5 + 7)?
-13
138 + -212 + 0 + -15 + -10 + (-6 - -6)
-99
What is 37 + -11 - (-77 + 140)?
-37
11 + -3 + -12 + 42 + (7 - (7 - 10))
48
What is the value of 20 + 37 + (-30 - -19) + -20?
26
-25 - ((1 - 9) + (-9 - -3)) - 37
-48
Evaluate -47 - (229 - 138 - 43).
-95
Calculate -1 + -4 + 72 + -55 - 3 - 45.
-36
-57 - -17 - -14 - (-14 - -29)
-41
Evaluate (159 - 171) + 25 + 1 + 7.
21
What is the value of -11 + 8 + (-13 - -9) - -9 - 1?
1
What is 9 + 0 + (-1198 - -1171) - -61?
43
Evaluate -19 + 45 + 1 + -7 + 11 + 5 + -5.
31
Evaluate 1 + (7 + -3 + -24 + 29 + -12 - -18).
16
Calculate ((1 - -5) + 59 + -173 + -3 - -10) + 6.
-95
Calculate -43 - ((20 - 93) + -70).
100
Evaluate (72 - (7 + 54)) + (-1 - (-34 - 2)).
46
Calculate 3 + (41 + -42 - 25) + 33.
10
What is the value of -13 + 13 + (11 - 10) + 3 + -14 - 11?
-21
Evaluate 94 + 58 + -27 + -41.
84
-7 - (-30 - -9) - ((9 - -1) + (31 - 37))
10
What is the value of -62 + 6 + -2 + -1 + (31 - 83) + 54?
-57
Evaluate (3 + 29 + -29 - -1) + (12 - 0).
16
What is the value of (9 - (-16 + 6 - -4) - 44) + -5?
-34
Calculate 220 - 44 - (174 + -29).
31
What is the value of 3 + (3 - 10) + (-44 + 22 - -11)?
-15
242 + -95 + -18 + -100
29
(58 - -67) + -176 + -21
-72
2 - -10 - ((-3 - (-8 + 48)) + 5 + -22)
72
What is the value of (10 - 1) + (2 - -61) + -26 + 5 - 6?
45
Evaluate 10 + (-122 - -26) - 1.
-87
(15 - (6 + -6 + 12)) + 44
47
Evaluate 2 + -127 + (116 - 65).
-74
Calculate 6 + (849 + -860 - (0 + 1)).
-6
Evaluate 0 + 18 + 115 + -84 + 3.
52
What is the value of (19 - 10) + (-2 + 2 - (-14 - -9))?
14
What is (66 - 92 - -25) + -41?
-42
Calculate -9 + 13 + (-3 - -4) + 6 + -12.
-1
17 - (-57 + 90) - 78
-94
Calculate (0 - 4) + (3 - (-5 + (-7 - 5))).
16
Calculate -33 + -31 + 53 + -2 + (6 - -3).
-4
What is the value of (-12 + 17 - 10 - (42 + 1)) + 3 + -1?
-46
What is 72 + 207 + -211 + (15 - 3)?
80
Evaluate -58 + 113 + -8 + 10.
57
What is -83 + -55 - -32 - -104?
-2
Evaluate 8 - -3 - (-30 + 60 - 12).
-7
Calculate 15 - (-43 + -6 + (-7 + 28 - 11)).
54
What is 35 + -94 + 69 - (14 - 0)?
-4
What is 13 - 28 - 4 - (1 - 3 - 47)?
30
-8 + 2 + (1 + 7 - (8 - (11 - 19)))
-14
Evaluate (50 - 95) + 18 + -13.
-40
What is the value of -17 - (-25 - 1) - (43 + 16)?
-50
Calculate (-7 - (-21 + 15)) + (4 - 4) + 31.
30
(-60 - -29) + -1 + -56
-88
4 + -1 + -22 - (3898 + -3905)
-12
What is the value of (15 - (28 - 21)) + (-52 - 0)?
-44
(-9 + 32 - 37) + (20 - 6) + 75
75
What is -3 - (18 + -33 - -28 - 35)?
19
Calculate -54 + 5 - (6 - (-1 + 5 + 5)).
-46
What is 71 - -21 - (-2 + -14 - (1 - 15))?
94
What is the value of 96 + (10 - (125 - 34))?
15
Calculate 0 + (24 - -46) + -24.
46
What is 114 + -79 + 25 - 57?
3
Calculate 94 + -114 - (16 - (1 + 4)).
-31
(-76 + 8 - (2 - -1)) + (-13 - -33) + -10
-61
Evaluate -6 + (1 - 0) + (23 - 6 - (69 + 47)).
-104
Calculate (4 - 47) + -28 - -49.
-22
What is the value of -298 + (274 - -38) + 1 + 1 + 2?
18
Evaluate 26 + 45 + -208 + 103.
-34
Calculate (33 - -24) + -82 - 27.
-52
Evaluate (-3 - (10 - -10) - (39 - 53)) + -19 + 4.
-24
Calculate 7 + 82 + (26 + -41 + 12 - (-1 - 4)).
91
What is 38 + (-11 - -18) + -25 - -19?
39
Calculate -5 + -69 + (-1367 - -1363).
-78
Evaluate -16 + -26 - (1 + -1 - (19 - (19 + 7))).
-49
Evaluate 999 + -990 - (55 - -2).
-48
-13 - (-10 + -15) - (-5 - (-3 - 15))
-1
-31 + -11 - (7 + -1 + -2 - (-5 - 0))
-51
(55 - 36) + 47 - 24
42
What is (8 - -7) + -14 + (-62 - -40)?
-21
What is the value of 4 + -3 + -2 + -12 - (-2751 + 2671)?
67
What is the value of -16 - (-12 + 8 + 8 + -16)?
-4
Calculate -8 - (12 + -15 - -5) - (-51 - -4 - 4).
41
What is the value of 26 + (-56 - -119) - 13 - (0 - -10)?
66
3 - -94 - 9 - (339 - 313)
62
Evaluate (-2 - -1) + (1 + -10 + 2 - (520 + -505)).
-23
(27 - (-8 + 22)) + -29 - 4
-20
18 - (-252 + 172 - (0 - 12) - 12)
98
-74 + 93 + (-38 - 44)
-63
What is the value of 0 - -33 - (373 + -250 - 18)?
-72
Evaluate -105 + (71 - 219 - -122).
-131
-21 + 53 + (33 - 26)
39
(3 - -72) + (73 - 98)
50
What is the value of (-23 - (-55 + -28 + 20)) + -50?
-10
Evaluate ((8 - (-24 + 11)) + -23 - (2 + 1)) + -49.
-54
24 + -55 + -21 + 35
-17
What is -16 + (-21 - -11 - -29) + -10?
-7
Calculate -23028 + 23109 + -154 + 0.
-73
(-15 - -2) + (-52 - (43 - 48))
-60
What is the value of 6599 + -6629 + 0 + -1 + -1?
-32
Calculate 1 + 25 + 1 + (91 - 109) + -48.
-39
Evaluate (393 - 400) + -1 + -6 + 15 + -4.
-3
Evaluate 45 + 43 + -162 + 37.
-37
-59 + 35 - (31 - -4) - (-3 - 1)
-55
Calculate 320 - 309 - (-3 + 3 + -3 - (-2 - 27)).
-15
Calculate -40 + 19 + 21 + 2 - -19.
21
What is -17 + (18 + -31 - -21) + -10 - 15?
-34
What is (97 - 22 - -6) + -92?
-11
-25 + 4 + 18 + 0 + 36 + -8
25
1 + 3 + -2 + -22 + (8406 - 8296)
90
What is the value of 31 - 3 - (-1 - 14 - ((-14 - -39) + -40))?
28
Evaluate (0 - 39) + (1148 - 1109 - (29 + 0)).
-29
(152 + -83 - -77) + -89
57
What is -108 + 127 - -54 - 63?
10
Calculate (-2 - 4) + 156 - ((-6 - 3 - -23) + -1).
137
What is the value of (-16 - 38) + 172 + -145?
-27
Calculate -4 + 40 + -146 + 97.
-13
(10 - (-17 + 27)) + -102 + 19
-83
What is the value of -3 + 49 + -44 + 8 + 2?
12
Calculate -12 + -2 - (-38 + 50 - 37).
11
Calculate -57 + -49 + 109 - (0 + -24 + 2).
25
Evaluate (-4 + (11 - 20) + 27 - 67) + 6.
-47
Evaluate -45 + (-8 + 21 + -20 + 10 + -12 - -10).
-44
What is the value of -101 + (58 - -35) - (1 + -1 + 0 + -10)?
2
0 - (9 + (-5 - 7) + -14)
17
What is the value of -36 - -32 - (0 - 55 - -16)?
35
-37 - (78 + -162 - -73)
-26
What is (-3 - 3) + (-144 + 117 - -52)?
19
Evaluate 2057 + -2124 - (-4 - -42).
-105
-18 + -28 + 10 - -21
-15
What is the value of -32 - -53 - ((11 - 39) + -4)?
53
2 + 39 + -62 - -12
-9
What is the value of 1527 + -1500 - (-69 - 1)?
97
(12 - 23) + -10 - (-77 + 2)
54
-6 + 3 + (